 - 260. Suppose t + 4*t - d = q. What is the highest common factor of 52 and t?
13
Let z(o) = o**3 - 3. Let t be z(0). Let c(b) = 5*b + 2. Let f be c(t). Let q = f + 21. Calculate the highest common factor of q and 1.
1
Suppose 4*x + h = 5*x - 47, h = 3. Suppose j = 3*o - o + 28, 8 = -2*o. Calculate the greatest common divisor of x and j.
10
Let a be (-250)/((-4)/(-6 + 2) - 3). Suppose t - 3 - 47 = 0. What is the highest common factor of t and a?
25
Suppose -53 = -q - 4*a, 5*a - 3 = 7. Suppose -q*l + 44 = -41*l. Let j = 27 + -16. Calculate the greatest common factor of l and j.
11
Let g be (-6 - -6) + -80 + (-2)/(-1). Let m = -69 - g. Calculate the greatest common factor of m and 9.
9
Let f = 115 + -105. What is the highest common divisor of 710 and f?
10
Suppose -5*t - 4 = -6*t. Suppose 0 = 3*o + t*k - 46, 3*o + 2*o - 72 = -2*k. Calculate the highest common factor of 21 and o.
7
Let u(z) = -86*z. Let c be u(2). Let r be c/(-14) + 14/(-49). Suppose 0*h = -3*h + r, 0 = 3*j - h - 56. What is the greatest common factor of j and 8?
4
Let x be 222 - (2 - 62)/(-10). What is the highest common factor of 81 and x?
27
Let p(n) = 6*n - 20. Let q be p(18). What is the highest common factor of 154 and q?
22
Let l(u) = 2*u**2 - 15*u - 3. Let o be l(11). Let b = o + -14. What is the greatest common factor of b and 90?
30
Let g be -1*(6 - 5) + 4 + 106. Calculate the highest common divisor of 763 and g.
109
Let b be (-12)/(-4) + -1*(-2 - 1). Suppose b - 21 = -c. Calculate the greatest common factor of 165 and c.
15
Suppose 0 = -b + 3*b - 46. Let d(h) = -h**2 - 10*h - 32. Let r be d(0). Let f = b - r. Calculate the highest common factor of 11 and f.
11
Let s(j) = 3*j - 15. Let y be s(7). Suppose 37*i = 39*i - y. Calculate the greatest common factor of i and 12.
3
Let v(y) be the third derivative of y**5/15 - y**4/12 + y**3/2 - 30*y**2. Let o be v(2). Calculate the greatest common divisor of o and 15.
15
Let x be (4 - (-171)/(-36))*-52. What is the highest common divisor of x and 39?
39
Let a = 49 - 21. Let w(h) = -h**2 - 10*h + 19. Let y be w(-9). What is the greatest common factor of y and a?
28
Let t be (-16)/(-28) - (-680)/(-14). Let l = t - -183. Calculate the greatest common divisor of l and 15.
15
Let t(z) = -z. Let w be t(-7). Suppose 40 = -2*r + w*r. Let g be (-223)/(-4) - 2/(-8). What is the greatest common factor of r and g?
8
Let l = 13 - 34. Let o = l + 22. Let z(t) = 29*t**2 - 2*t + 1. Let g be z(o). What is the greatest common factor of g and 14?
14
Let r = -1 - -15. Let x = 62 + -77. Let w be (265/x - 1)*18/(-8). Calculate the greatest common divisor of w and r.
14
Let c = -3 - -5. Suppose g + 5 = -4*l, c*g - g - 3 = 4*l. Let h be g*((-74)/2 + -4). Calculate the highest common divisor of 328 and h.
41
Suppose 2*p = 5*r + 42, -2*r + 72 = 4*p - 6*r. Let a be (p/12)/((-2)/(-210)). Calculate the highest common divisor of a and 28.
28
Suppose 3*q - 5*y - 229 = 0, -242 = -3*q - 3*y - 5. What is the greatest common divisor of q and 24?
6
Let m = 0 - -5. Let l be (1 - 63)*m/(-10). Let b(z) = 18*z**2 + z - 10. Let n be b(3). Calculate the highest common factor of l and n.
31
Let a(k) = -11*k**2 + 10*k**3 - 9*k**3 + 1 + 7*k**2 + k. Let n be 3*(-4)/(-6) - -2. Let y be a(n). Calculate the greatest common factor of 40 and y.
5
Let s(q) = q + 1. Let j be s(5). Suppose -j + 2 = -2*x. Suppose 2*d = -m + 10 + 26, 52 = m - x*d. Calculate the greatest common factor of m and 66.
22
Let l = -46 - -29. Let q = -30 - l. Let p = q - -26. Calculate the greatest common divisor of 39 and p.
13
Let m be 0/(-5) + 2 - -17. Calculate the greatest common divisor of m and 608.
19
Let k be 2/(-10) + (-6)/((-60)/82). Calculate the greatest common factor of k and 256.
8
Let q(c) = 6 + 2 - 17 + 4*c. Let u be q(8). Suppose -5*l = -u - 62. What is the highest common factor of 68 and l?
17
Let z = -122 - -130. Suppose 659 = 5*d - 2*p, 2*d - 397 = -d + 2*p. Let b = -67 + d. What is the greatest common factor of b and z?
8
Let m be (-118)/(-14) + 4*1/7. What is the highest common factor of 729 and m?
9
Suppose 22*z = 752 - 202. Let a = -406 - -631. What is the highest common factor of a and z?
25
Let k be (-1)/(1*1/(-64)). Suppose 28 = -2*w + k. Let z be 350/4 + 3 - (-4)/(-8). What is the greatest common divisor of w and z?
18
Suppose -9*q = r - 13*q - 175, 5*r + 4*q - 947 = 0. What is the greatest common factor of r and 68?
17
Let x = 39 + -39. Let w be (-4 - (-96 - -2)) + x. What is the greatest common factor of 60 and w?
30
Let u = 361 + -214. Suppose 0 = -3*y + h + u, 137 + 10 = 3*y + 3*h. What is the highest common divisor of 7 and y?
7
Suppose -b = 6 - 3, 5*x - 3*b - 89 = 0. Calculate the highest common divisor of 88 and x.
8
Let h(o) be the third derivative of 1/6*o**3 + 5*o**2 + 0*o**4 + 0*o**5 + 0 + 0*o - 1/6*o**6. Let l be h(-1). What is the highest common divisor of l and 21?
21
Let n = 140 + -95. Calculate the greatest common factor of n and 225.
45
Let m(w) = 2*w**2 - 4*w. Let c be (6/8)/((-7)/(-140)). Suppose c = -3*z - 0*z. Let s be m(z). What is the highest common divisor of s and 14?
14
Let y(s) = 5*s**2 + 9*s - 22. Let q(u) = -14*u**2 - 28*u + 66. Let i(z) = -6*q(z) - 17*y(z). Let g be i(11). Calculate the greatest common divisor of g and 176.
22
Let u(i) = i**3 - 12*i**2 - i + 27. Let a be u(12). Suppose 14*m - a*m = -77. Calculate the greatest common factor of m and 22.
11
Suppose 0 = 4*i - 4*n - 136, -134 = -2*i + 3*n - 61. What is the greatest common divisor of i and 116?
29
Suppose -3*w = -6*x + 2*x + 3, x + 6 = 3*w. Let f be 114/3 + -1 + w. Calculate the highest common divisor of 16 and f.
8
Let t be 28008/56 - 4/28. Calculate the highest common divisor of t and 100.
100
Suppose -3*n + 0*f = -f + 31, -2*n = 4*f + 30. Let k be n*(0 - (2 + -3)). Let d = k - -19. What is the greatest common divisor of d and 1?
1
Let x = -247 + 254. Calculate the highest common factor of x and 259.
7
Let t be ((-4)/(-10))/(1/5). Let c(p) = -3*p - 19. Let r be c(-7). Calculate the greatest common divisor of r and t.
2
Let b be -4*(0 - (-4)/(-1)). Let d = 410 - 346. What is the highest common factor of d and b?
16
Let v(i) = 11*i - 1. Suppose -4*n = u - 3, 3*u - 6*u = -3*n + 6. Let q be v(n). What is the greatest common factor of q and 100?
10
Suppose 0 = -b - 5*q + 104, -2*b + 428 = 3*b + 2*q. What is the greatest common divisor of b and 357?
21
Let u = 8 + -1. Suppose -1 = -2*g + 5*y, 3*y - u*y + 9 = -3*g. Let o be 84/g*11/(-3). What is the greatest common divisor of o and 66?
22
Suppose 29 = y + 3*c, 3*y - c = y + 58. Let m = -93 - -209. Calculate the highest common factor of y and m.
29
Let v = 349 + -342. Calculate the greatest common divisor of v and 91.
7
Let h = 11 - -19. Let q be (68/(-10))/((-12)/h). What is the greatest common divisor of 119 and q?
17
Suppose -3*t + d - 17 = 2*d, 0 = -t + 2*d - 15. Let w be t + 12 - (-3)/1. What is the highest common factor of w and 24?
8
Let q(s) = s**2 - 6*s + 14. Let x be q(4). What is the greatest common factor of 6 and x?
6
Suppose 8*h = -5*o + 4*o + 986, 0 = h + 5*o - 133. What is the highest common factor of h and 3?
3
Let m = -5 + 1. Let x be (-1 - (-5)/2)*m. Let w(q) = -q**2 - 8*q - 6. Let d be w(x). Calculate the highest common divisor of 42 and d.
6
Let q be 0 - (-5 + 2/2). Suppose 9*w = 8*w + q. Suppose -2*x + 36 = w. What is the highest common factor of 32 and x?
16
Suppose -4*t + 4*c - 32 - 4 = 0, -t = 4*c + 9. Let f be 9/t + 107 + 2. Let u = 19 - 7. Calculate the highest common factor of f and u.
12
Let b = 43 + 57. Suppose q + 2*g = -2*q + 25, -3*g + 25 = 2*q. Suppose 4*y + 68 = 3*u, 2*u - q*y + 70 = 6*u. Calculate the greatest common divisor of u and b.
20
Let l = -88 + 47. Let d(t) = -2*t**2 + 5*t + 7. Let b be d(6). Let k = b - l. What is the greatest common divisor of 4 and k?
2
Suppose 3*p + 6 = 15. Suppose p*x - 44 = 4*g, 2*g + 0 + 2 = -x. Calculate the highest common factor of 72 and x.
8
Suppose 0 = -6*t + 4*t + 6. Suppose 8*f = 5*f + 63. Calculate the highest common divisor of t and f.
3
Suppose 5*z + 169 = 3*f, -5*z = -4*f - 117 + 334. Suppose 0 = 56*q - 46*q - 60. What is the greatest common factor of q and f?
6
Let a(j) = j**3 + 22*j**2 - 25*j - 52. Let y be a(-23). Let d = 6 + -9. Let z be 1*d/(y/38). Calcul